t is -156 + -404?
-562
In base 14, what is -212a + -5?
-2131
In base 16, what is -220d - -35?
-21d8
In base 5, what is -11013 - 10112?
-21130
In base 10, what is 214385 + -2?
214383
In base 4, what is -3101 - 1201303?
-1211010
In base 14, what is 1b + 75d?
77a
In base 8, what is -76 - 173302?
-173400
In base 8, what is 3314 - -14?
3330
In base 9, what is 544 + 2?
546
In base 5, what is -11424131 + -2?
-11424133
In base 6, what is -2 + 23425052?
23425050
In base 7, what is 4036362 + 5?
4036400
In base 7, what is -31 - 130322?
-130353
In base 3, what is 12110 + -101202?
-12022
In base 12, what is -27 - 2a19?
-2a44
In base 6, what is -2132 + -5134?
-11310
In base 5, what is 110031 + 11?
110042
In base 4, what is 22020 + 11320?
100000
In base 12, what is 1b954a - 5?
1b9545
In base 4, what is 1131110 - 2312?
1122132
In base 16, what is 15 - -1179?
118e
In base 6, what is 1 - 25232150?
-25232145
In base 12, what is -44 + 6129?
60a5
In base 12, what is -3b41 + -91b?
-4860
In base 3, what is 11 - 2000221001102?
-2000221001021
In base 8, what is -2 + -1050544?
-1050546
In base 16, what is -4 + -317a?
-317e
In base 14, what is 138 - -4b?
185
In base 15, what is -6 + -27c29?
-27c30
In base 13, what is 12a - -2b01?
2c2b
In base 10, what is -9 - 5769?
-5778
In base 2, what is 1011000 + 10110010010?
10111101010
In base 11, what is 3 + -47615?
-47612
In base 6, what is -20 + 1521334?
1521314
In base 12, what is 3b + -1810?
-1791
In base 13, what is -36 + -1a?
-53
In base 12, what is -7 + 21a194?
21a189
In base 3, what is -212021110 - -110?
-212021000
In base 12, what is 60979 + -1?
60978
In base 10, what is -3 + -14095?
-14098
In base 3, what is -102100122011 - 1?
-102100122012
In base 6, what is -152032 + 3?
-152025
In base 2, what is -10101000000011111 + 1?
-10101000000011110
In base 14, what is 2 + 4609?
460b
In base 4, what is 31203130 - 120?
31203010
In base 13, what is -b + -a7a3?
-a7b1
In base 6, what is -3510 + 551?
-2515
In base 14, what is c9 + -23dd?
-2314
In base 15, what is 1 - 421d?
-421c
In base 3, what is 2200011 + 22210?
2222221
In base 8, what is -41007 + 140?
-40647
In base 7, what is 13040 + 23?
13063
In base 6, what is -515 - 4241?
-5200
In base 14, what is -4 + -794?
-798
In base 8, what is -1 + 1526754?
1526753
In base 8, what is -10751 + 4?
-10745
In base 13, what is -28c + 194?
-c8
In base 11, what is -986 + 45?
-941
In base 11, what is 182a63 - 5?
182a59
In base 10, what is 3 - -761360?
761363
In base 8, what is -20 + -56?
-76
In base 2, what is 100 + -10100000111001?
-10100000110101
In base 13, what is 687a + 1?
687b
In base 15, what is -2 + -42a9a?
-42a9c
In base 3, what is 1201 + 211001?
212202
In base 14, what is 2a8 - -49a?
764
In base 11, what is 68 - 6?
62
In base 6, what is 3 + 1240101?
1240104
In base 16, what is -538 + 7?
-531
In base 7, what is 216512 - 14?
216465
In base 7, what is -2263616 + -4?
-2263623
In base 2, what is 10 - -111001011111?
111001100001
In base 10, what is -2269764 + -1?
-2269765
In base 4, what is -1033 - 300300?
-301333
In base 14, what is -24c06 - 0?
-24c06
In base 14, what is -4921 + -5?
-4926
In base 9, what is -10886 - -8?
-10877
In base 12, what is -47 - -500?
475
In base 8, what is -12747 + 2?
-12745
In base 13, what is -bbc - -247?
-975
In base 10, what is 91 - -232?
323
In base 3, what is 11212 - -1102112?
1121101
In base 11, what is a - 9717?
-9708
In base 15, what is -1a - -1a99?
1a7e
In base 13, what is 998 - -55b?
1226
In base 9, what is 561 - 3817?
-3246
In base 7, what is 4 + -350604?
-350600
In base 9, what is -152454 - 10?
-152464
In base 7, what is -11051545 + -3?
-11051551
In base 16, what is -e3e3 + -16?
-e3f9
In base 7, what is -215 - 1441?
-1656
In base 4, what is 313 - -13001?
13320
In base 4, what is 1011323231 - -3?
1011323300
In base 9, what is -175 + -2487?
-2673
In base 7, what is 104 - -4203?
4310
In base 2, what is -110001110 - -1001110?
-101000000
In base 16, what is -3b6d - -1?
-3b6c
In base 11, what is 28 + -6305?
-6288
In base 15, what is -3 - -3454?
3451
In base 2, what is 1 + 11101111110000011?
11101111110000100
In base 13, what is -1996 + -8c?
-1a55
In base 5, what is -20312133 + -13?
-20312201
In base 11, what is -1 - 18547?
-18548
In base 6, what is 3423 - 41?
3342
In base 4, what is 232000 + -32022?
133312
In base 11, what is 8523 - -98?
8610
In base 5, what is -10104114 - -2?
-10104112
In base 15, what is 70 - -d1?
151
In base 15, what is 5 + 35a82?
35a87
In base 6, what is -1114445 + -2?
-1114451
In base 12, what is 1a75319 - 3?
1a75316
In base 16, what is 67be3 - -3?
67be6
In base 3, what is 111 - -202212?
210100
In base 7, what is 164551 - 4?
164544
In base 11, what is -2 - -451a?
4518
In base 3, what is 12 - -12101210?
12101222
In base 8, what is 121234 + -3?
121231
In base 16, what is c6 + 25e?
324
In base 2, what is -100011 - -1010110111010000?
1010110110101101
In base 7, what is -3336 - 11?
-3350
In base 6, what is -12 + -154244?
-154300
In base 5, what is 4 + 1420003?
1420012
In base 3, what is 21201120000 - -2?
21201120002
In base 12, what is -8a0 - -19?
-883
In base 5, what is 310122 + -2103?
303014
In base 4, what is 11 + 1001?
1012
In base 4, what is 11 - -22231?
22302
In base 9, what is 33 + 3706?
3740
In base 5, what is 33 - 3042?
-3004
In base 8, what is 210 - 55406?
-55176
In base 14, what is -db + -369?
-466
In base 6, what is -3 - 322250?
-322253
In base 9, what is 802 - 704?
87
In base 10, what is 5 + 195155?
195160
In base 14, what is -5 + 4d03?
4cdc
In base 15, what is -1 + 1c8c0?
1c8be
In base 6, what is 4 + 212320?
212324
In base 7, what is 2 + -6303?
-6301
In base 8, what is -134 - 14415?
-14551
In base 12, what is -9 - -9265?
9258
In base 8, what is -1242366 + 3?
-1242363
In base 5, what is -2 - 231341?
-231343
In base 11, what is -3 - 1848?
-1850
In base 3, what is -110 - 111112022?
-111112202
In base 8, what is 1 + -4240?
-4237
In base 7, what is 166 - -1506?
2005
In base 3, what is -1 + -1021010200?
-1021010201
In base 5, what is -1230103 - 34?
-1230142
In base 13, what is -269c - -1?
-269b
In base 8, what is -11741 + -26?
-11767
In base 8, what is -165015 - 37?
-165054
In base 7, what is 1 + -3313636?
-3313635
In base 4, what is -10 + -1103103322?
-1103103332
In base 2, what is 11000001101111100011 + 100?
11000001101111100111
In base 14, what is -2 + -476?
-478
In base 13, what is -76 - -6168?
60c2
In base 15, what is 3e4d - -4?
3e52
In base 7, what is -22636 + 0?
-22636
In base 9, what is 4 + 60156?
60161
In base 15, what is -2e6c + -7?
-2e74
In base 14, what is 722c + 3?
7231
In base 14, what is -db2 - -19?
-d97
In base 10, what is 77 - -959?
1036
In base 12, what is -10404 - -3?
-10401
In base 15, what is 14cd + 1c?
14ea
In base 2, what is -10111 - -10001011111?
10001001000
In base 8, what is -4650 + -62?
-4732
In base 14, what is 84d5 - 4?
84d1
In base 5, what is 120 + -400141?
-400021
In base 6, what is 13 - -1415?
1432
In base 3, what is -11 + 22002220021?
22002220010
In base 4, what is -10 - -12131102?
12131032
In base 5, what is -442 + 1323?
331
In base 9, what is 628 + -6?
622
In base 6, what is -20 - -23202?
23142
In base 10, what is -6 + 12958?
12952
In base 14, what is -2 - -3115?
3113
In base 16, what is 8c + 16ac?
1738
In base 12, what is 3 - -2339?
2340
In base 9, what is -2583 - 16?
-2610
In base 12, what is 4a56 + -2?
4a54
In base 16, what is -1aa50 - -5?
-1aa4b
In base 13, what is 1 + -36998?
-36997
In base 12, what is 448 - -23?
46b
In base 13, what is 108 + -908?
-800
In base 13, what is -18b - 23?
-1b1
In base 12, what is -9768 + -4?
-9770
In base 14, what is -60 - -64?
4
In base 14, what is -a86 - 82?
-b28
In base 8, what is -56666 + 3?
-56663
In base 6, what is 4 + -12541?
-12533
In base 14, what is 3 + -46258?
-46255
In base 8, what is -13606 - 44?
-13652
In base 6, what is 3 + -1211513?
-1211510
In base 10, what is 66 - -366?
432
In base 4, what is 0 - 1110321?
-1110321
In base 12, what is 3b - -15bb?
163a
In base 15, what is da - -2cc?
3b7
In base 10, what is -961653 + -9?
-961662
In base 15, what is c + -1b1?
-1a4
In base 14, what is 30 + 5a6?
5d6
In base 13, what is 18 - c7?
-ac
In base 8, what is -3116217 + -2?
-3116221
In base 13, what is -4603 + b?
-45c5
In base 12, what is -6094 + a?
-6086
In ba